. Is w(5) a composite number?
False
Suppose -3*r = -145 - 74. Let f = -150 + r. Let q = f - -112. Is q composite?
True
Let y(i) = i**2 + 4*i**2 - 4*i**2 - 7 + 13*i. Let m be y(9). Is (4/(-2))/((-2)/m) a composite number?
False
Suppose -4*o - 63 = -5*z + 202, -106 = -2*z + 4*o. Is z a prime number?
True
Suppose l + 3 - 8 = 0, 64 = n - 2*l. Let y = n + -17. Suppose 0 = 2*a - 1 - 1, -4*t + y = a. Is t a prime number?
False
Let t = -2069 + 3328. Is t composite?
False
Suppose -4*m = -4*r - m + 8248, 5*m = 3*r - 6186. Suppose 5*w + 0*g - r = g, g - 3 = 0. Is w a prime number?
False
Let s(k) = -k**2 + 7*k + 4. Let i be (0 - -2) + 6 + -1. Let b be s(i). Let o(c) = c + 3. Is o(b) a composite number?
False
Let u(s) = s + 9. Is u(12) a composite number?
True
Suppose 0*p - 5*p = 4*v - 10413, -v + 2083 = p. Is p prime?
True
Let s(q) = -3 + 0*q + 0*q + 3*q**2 + 2*q. Let a(t) = -t**2 - 3*t. Let g be a(-2). Is s(g) composite?
False
Let h(o) = 3*o**2 - 2 - o**2 - 5*o + 0*o**2. Let c be 3 - -1 - (-1 - 0). Is h(c) prime?
True
Let m(k) = 108*k - 22. Is m(13) composite?
True
Let v = -2 - 2. Let l = 6 + v. Suppose x = 3*q + 67, -x + 6*q + 63 = l*q. Is x prime?
True
Let v(q) = 2*q**2 + 4*q + 3. Let x be v(-2). Suppose o + 4*f - 403 = 0, x*f + 1301 = 2*o + 462. Is o composite?
True
Let h(d) = 2*d - 5. Is h(12) prime?
True
Let y(s) = s**2 + 6*s + 7. Let u be y(-6). Let a(n) = -5*n**2 - 9*n - 9. Let q(t) = t**2. Let v(l) = -a(l) - 6*q(l). Is v(u) prime?
True
Suppose 0 = o + 18 + 74. Let h = o + 237. Is h prime?
False
Let o = 1527 - 838. Is o prime?
False
Suppose -p = 0, 2*q + 223 = 3*q + 2*p. Is q a composite number?
False
Let b = 20 - 14. Let s(i) = b - 2*i + 1 - i**2 + 7*i. Is s(5) prime?
True
Suppose 37 = -2*v + 3*v. Let m = v - 15. Is m prime?
False
Suppose -y - 4*y + 1065 = 0. Is y a prime number?
False
Let p = -2 - -4. Suppose -n + 5 = p. Suppose -5*a + 62 = -n*a. Is a prime?
True
Let z(c) = c**2 + 6*c + 2. Is z(5) composite?
True
Let q(h) = 335*h + 2. Is q(15) prime?
False
Let u(j) = j**3 - 2*j**2 + 183. Is u(0) composite?
True
Suppose 4*v - 3*v = 4*a + 8, -4*v - 4*a = 8. Suppose v = -g + 6 - 1. Suppose 5*w + q = 4*q + 121, -g*q = -15. Is w prime?
False
Let d(h) = 4 - h + 2*h**2 - 11*h**2 + h**2 + 6 - 2*h**3. Is d(-5) prime?
False
Is (-2)/(-5) - (-6189)/15 prime?
False
Let b = 6 - 3. Suppose b*a = 3*y + 1521, 2*y - 2 = 3*y. Is a prime?
False
Suppose 5 + 5 = 5*z. Let v = z - -1. Suppose -v*y + 79 = h, 2*h + 0*h - 3*y = 158. Is h a prime number?
True
Suppose -4*f - 36 = 3*a - a, -5*f = -3*a - 109. Let h = 9 - a. Is h prime?
True
Let s(q) = -16*q**3 - 2*q**2 - 9*q - 1. Is s(-4) a prime number?
False
Let f = 14 + 5. Suppose f*z - 24*z + 1795 = 0. Is z a prime number?
True
Suppose -5 = 5*g - 15. Let d = -2 + g. Suppose -265 = -2*v - 3*v - 4*p, -v + 3*p + 53 = d. Is v a composite number?
False
Let q = 8 + -4. Is q composite?
True
Let g(r) = 6*r**3 + 2*r - 2 + 0*r - 7*r**3. Let b be 1*((-2 - -1) + -4). Is g(b) a prime number?
True
Let c = 41 - 25. Let l = -7 + c. Is l prime?
False
Let g(b) = -5*b**3 + 13*b**2 - 3*b - 3. Let t(s) = 11*s**2 - 3 - s - 6*s**3 - 2*s + 3*s**2 + 0*s**3. Let o(z) = 5*g(z) - 4*t(z). Is o(4) composite?
True
Suppose -25 - 12 = -n + 2*k, 0 = -n - 5*k + 16. Suppose t + 9 = n. Is t a composite number?
True
Suppose 2*m + 1 = -3, 4*m - 140 = -4*w. Is w prime?
True
Let v be (-2)/(-5) + 52/20. Suppose 12 = 7*u - v*u. Suppose u*n = 1 + 20. Is n prime?
True
Let o be 0/(-4) + -1267 - -4. Is o/(-13) - 10/65 a composite number?
False
Suppose -4*p = -2*v + 26, 5*v = -0*v - 3*p. Suppose 451 = 3*m - 4*w, -2*m - v*w + 324 = -w. Is m prime?
True
Let g(c) = -4*c**3 - 40*c**2 - 43*c - 35. Let n(d) = d**3 + 10*d**2 + 11*d + 9. Let x(k) = -2*g(k) - 9*n(k). Is x(-10) composite?
True
Let s(u) = -u + 5 - 2 + 9. Let c be s(10). Is 15*(c + (-4 - -3)) a prime number?
False
Let w(j) = j**2 - 2*j + 2*j - 4 + 0 - 2*j. Is w(7) composite?
False
Let k(w) = 7*w - 2. Let r = -4 + -6. Let c be 6/(-10) + (-36)/r. Is k(c) prime?
True
Let o = 449 + -315. Suppose o = 2*m + 28. Is m a composite number?
False
Is (-4765)/(-25) - 4/(-10) composite?
False
Let f(i) = 2*i**2 - 4*i + 2. Suppose 0 = -3*m + 9, -2*r - 4*m + 20 = 2*r. Let g be f(r). Suppose -2*l = -k - 65, -5*l - g*k = -0*l - 185. Is l a prime number?
False
Let t = 150 - 23. Is t composite?
False
Let d be 1/1*(6 - 3). Suppose -w = -q + d, -4*w - 4 + 2 = q. Suppose 366 = 2*z + q*k + 114, k + 509 = 4*z. Is z prime?
True
Let h(b) = b**2 + b + 536. Let t be h(0). Let v = 805 - t. Is v a composite number?
False
Let y = 321 - 539. Let p = -91 - y. Is p a composite number?
False
Let p(q) = -q**3 - 4*q**2 - 9*q - 7. Let t = 3 + -1. Suppose 3*o + 2*d + 8 = -0*d, 5*d - 37 = t*o. Is p(o) prime?
False
Let u(j) = -16*j - 9 - 4*j + 40*j. Is u(10) a composite number?
False
Is (-4 + 5)*-3 - -472 a prime number?
False
Let d be 1 + 0 - (-6 - -4). Let u = d - 0. Suppose u*o + q - 162 = 6*q, 9 = 3*q. Is o a composite number?
False
Let v(t) = t**2 - t. Let o be v(4). Suppose -d - o = -2*d. Is ((-7)/(-3))/(2/d) prime?
False
Suppose 39 = 2*q + 5*b - 11, q = -3*b + 26. Let f be (-4)/(-10) + 32/q. Is (-2 - -4)/f - -34 a prime number?
False
Suppose 5*s = -2*q - 267 + 742, -5*s + 475 = -2*q. Suppose -139 - s = -2*z. Suppose 29 - z = -4*h. Is h a prime number?
False
Let z(m) = -67*m**3 + m**2 - 2*m - 1. Let b be z(-2). Let a = -292 + b. Is a composite?
False
Suppose -3*z + 430 = 2*z. Is z composite?
True
Suppose 0 = 4*z - 7 - 17. Let a be 271/z - (-1)/(-6). Suppose 5*v = -4*h, 2*v = -3*v + 5*h + a. Is v a composite number?
True
Is 987 + (2 - 7) - 5 a composite number?
False
Let h = -4873 + 11642. Is h a composite number?
True
Is (-7)/(-3) - 4/12 - -139 a prime number?
False
Let k(v) = 74*v**2 - 7*v + 1. Is k(-4) a prime number?
True
Let k = -311 + 482. Suppose 5*h - 642 + k = -3*u, 0 = -5*h. Is u a composite number?
False
Suppose 3*l = -5 - 4. Let c be 6/(-21) - 104/28. Is (85 - 2)/(l - c) a composite number?
False
Let n = 23 - 9. Suppose 25 + n = 3*y. Suppose -y = -d - 0*d. Is d composite?
False
Suppose 3*n - 1385 = 958. Is n a prime number?
False
Let q(o) = -74*o - 35. Is q(-26) composite?
False
Suppose 420 = -2*o - 46. Let y = o + 444. Is y a composite number?
False
Suppose 0 = -14*o + 9*o + 11395. Is o prime?
False
Let p(b) = -2*b**3 - b**2 + 4. Let n be p(-3). Let c = n + 4. Is c prime?
True
Let a be 6/(-2) + (-29 - 4). Let u = -3 - a. Is u a composite number?
True
Let p = 5 - 1. Let w(d) = d**2 - 2*d + 5. Is w(p) a prime number?
True
Let l be -3 - -2 - (-205)/5. Suppose -3*c - 26 = -v, 4*c = -7*v + 3*v + l. Is v composite?
True
Suppose 4*z = -3*f - 0*z + 1285, -425 = -f + 2*z. Is f prime?
False
Suppose 4 = -o - o. Let i be 0 + o + 1 + 58. Suppose -2*j + i = j. Is j composite?
False
Let a be (2 - 3)/(3/(-183)). Let l = a - 6. Is l a prime number?
False
Let l = 3 - 2. Let b be ((-2)/4)/(1/8). Is l*2/b*-106 composite?
False
Let i = -8 - -17. Let q = 35 - i. Suppose -y + q + 17 = 0. Is y a prime number?
True
Let x = 6 + 235. Let y = x - 148. Is y composite?
True
Suppose -2*g = 5*y - 0*y - 4767, 4*g + 971 = y. Is y composite?
True
Let h = 1099 + -618. Is h prime?
False
Suppose h = -l - l + 20, -5*l + 4*h + 63 = 0. Let u(b) = b - 4 + 32 + l. Is u(0) prime?
False
Suppose -t - 2*c = -12, 5*t = -3*c - 24 + 63. Suppose 74 = t*n - 4*n. Suppose 0 = 3*o - 2*o - n. Is o prime?
True
Let r(w) = -32*w - 9. Let o be r(-7). Let u(x) = -5*x**2 - 5*x - 2. Let a be u(-5). Let g = a + o. Is g composite?
False
Suppose 5*k + 838 = 7*k. Suppose -2*z - k = t, -618 = 3*z - t - t. Let w = -81 - z. Is w prime?
True
Is (-2012)/(-8) - (-2)/(-4) a prime number?
True
Let y = 11 - 5. Is y a prime number?
False
Suppose 3*n = -2*y + 2*n + 961, -2*y + 949 = -3*n. Is y a composite number?
False
Let d(x) be the first derivative of -x**3/3 - 9*x**2/2 - 5*x + 2. Let q be d(-5). Let z = -4 + q. Is z a composite number?
False
Suppose -5*f + 9 = -2*f. Suppose -2*c - 2*c - 24 = -f*x, -2*c + x = 10. Is (0 - -1)*c + 194 a prime number?
True
Let b = -11 + 15. Suppose b*i - 156 + 32 = 0. Is i a composite number?
False
Let r = 7 + -5. Suppose 0 = -0*n + r*n - 106. Is n a prime number?
True
Let w(r) = 638*r - 3. Is w(1) a prime number?
False
Suppose -3*z + 2*x = -2*x - 305, 2*z = -x + 196. Suppose 